91).
-154
Let z(c) = 29*c**3 - 412*c**2 + 72*c + 8. Calculate z(14).
-160
Let w(m) = -31444*m - 251278. What is w(-8)?
274
Let b(d) = -d**2 - 93*d - 1006. Give b(-70).
604
Let f(p) = 144*p + 5272. Determine f(-21).
2248
Let y(l) = 518*l**2 + 1043*l + 4. Calculate y(-2).
-10
Let f(w) = -129*w + 2961. Give f(23).
-6
Let d(n) = 98*n**2 - 136*n - 126. Calculate d(-1).
108
Let h(x) = -4*x**3 - 79*x**2 + 15*x - 236. Give h(-20).
-136
Let z(g) = -2*g**3 + 224*g**2 + 948*g + 82. Determine z(-4).
2
Let z(f) = -4*f**3 - 352*f**2 + 2206*f - 4701. Calculate z(-94).
-1
Let r(h) = -2*h**2 + 8243*h - 139551. Calculate r(17).
2
Let i(l) = -l**3 - 168*l**2 - 1587*l - 735. Determine i(-158).
371
Let b(w) = 926*w + 17813. Determine b(-24).
-4411
Let p(f) = f**2 + 5999*f + 27. Give p(0).
27
Let k(a) = 4*a**2 + 1953*a + 94090. What is k(-434)?
-88
Let n(l) = -l**3 + 26*l**2 - 234*l + 5114. Calculate n(25).
-111
Let x(z) = 18*z**2 + 108*z + 78. What is x(-5)?
-12
Let j(l) = l**2 + 1070*l + 265486. What is j(-391)?
-3
Let g(b) = -5020*b - 71265. What is g(-14)?
-985
Let r(p) = 2*p**3 - 7*p**2 - 1140*p + 6699. What is r(6)?
39
Let w(f) = -2*f**3 + 25*f**2 - 32*f + 23. Determine w(11).
34
Let u(l) = 81212*l - 812130. Give u(10).
-10
Let n(k) = k**2 - 2008*k + 297374. Give n(161).
7
Let p(n) = -20*n**2 - 245*n + 92. Calculate p(-10).
542
Let s(y) = 18*y**2 + 653*y - 20587. Calculate s(-56).
-707
Let o(j) = j**3 + 4*j**2 - 7164*j - 4738. Calculate o(83).
-7
Let v(b) = 10*b**2 + 159714*b - 319431. Calculate v(2).
37
Let r(d) = -d**2 - 4731*d + 7. Give r(0).
7
Let m(l) = -12*l**3 - 3850*l**2 + 642*l - 1. What is m(-321)?
-1
Let d(i) = -i**2 + 163*i + 1153. Calculate d(-7).
-37
Let c(z) = -55*z**2 - 43*z - 78. Give c(-3).
-444
Let m(n) = 7*n**2 - 5213*n + 29601. Give m(739).
41
Let s(y) = -446*y**2 - 881*y + 2. Give s(-2).
-20
Let u(d) = d**3 - 11*d**2 - 125*d - 2507. Calculate u(22).
67
Let h(a) = -219*a + 16885. Determine h(77).
22
Let r(j) = 806*j**2 + 65349*j + 5104. Determine r(-81).
1
Let l(v) = -v**2 + 307*v + 108447. What is l(-210)?
-123
Let x(l) = -38*l**2 - 43*l - 215. Calculate x(-4).
-651
Let t(l) = -35726*l - 2679450. Calculate t(-75).
0
Let l(w) = 9*w**2 + 293*w + 128. Calculate l(-21).
-2056
Let d(c) = -c**2 - 15*c + 371. Determine d(16).
-125
Let u(d) = -147745*d + 886485. What is u(6)?
15
Let k(s) = 1004*s - 17967. What is k(18)?
105
Let c(h) = -219*h + 22561. Determine c(103).
4
Let g(d) = 1265*d**2 - d + 1. What is g(1)?
1265
Let z(n) = 46238*n - 9987466. Calculate z(216).
-58
Let y(z) = 14170*z - 722666. What is y(51)?
4
Let h(k) = -4*k**3 - 15*k**2 - 41*k - 61. Determine h(-7).
863
Let y(k) = 10*k**2 - 114*k + 100. Determine y(14).
464
Let i(u) = -46*u**2 - 2538*u + 2108. Give i(-56).
-20
Let s(z) = 754975*z + 3019875. Give s(-4).
-25
Let q(v) = -51*v**2 + 30104*v + 21901. What is q(591)?
34
Let h(f) = -6606*f - 198195. Determine h(-30).
-15
Let i(b) = -1495*b - 22379. Give i(-15).
46
Let k(q) = -q**2 - 2246*q - 1015109. What is k(-627)?
4
Let v(o) = 2*o**2 + 250*o + 1132. Calculate v(-89).
-5276
Let c(k) = 2*k**3 - 481*k**2 + 260*k - 4805. Determine c(240).
-5
Let m(j) = -1200*j + 21602. What is m(18)?
2
Let k(c) = 23*c**2 - 5848*c - 2470. Give k(255).
1865
Let q(d) = -55174*d - 386243. Give q(-7).
-25
Let o(j) = -58*j**2 - 14597*j - 29202. Give o(-2).
-240
Let x(o) = 2*o**2 - 5*o - 1338. What is x(0)?
-1338
Let s(k) = -6161*k - 1139773. Calculate s(-185).
12
Let f(w) = -3*w**2 + 55*w - 1781. What is f(0)?
-1781
Let d(m) = -m**3 - 67*m**2 + 994*m - 1510. Determine d(11).
-14
Let i(g) = g**3 - 859*g**2 + 17620*g - 18435. Determine i(838).
1
Let a(t) = -t**3 + 56*t**2 - 388*t + 2177. Determine a(49).
-28
Let o(c) = 3*c**2 + 676*c - 11339. Give o(-243).
1540
Let u(a) = -32*a**3 - 25159*a**2 - 5539*a - 29084. Calculate u(-786).
-2
Let m(q) = 5089*q + 116671. Give m(-23).
-376
Let c(y) = 4*y**2 + 6953*y + 82866. Determine c(-12).
6
Let w(z) = -3*z**3 + 106*z**2 - 5*z - 847. Determine w(35).
203
Let a(z) = -z**3 + 6*z**2 + 107*z - 228. Determine a(-9).
24
Let q(j) = 18690*j - 1177486. Calculate q(63).
-16
Let a(t) = t**2 + 443*t + 22345. Calculate a(-58).
15
Let z(f) = 749*f + 34457. Give z(-46).
3
Let o(a) = a**3 - 81*a**2 + 730*a - 1429. Calculate o(71).
-9
Let p(v) = -55*v**3 - 6*v**2 - 132*v - 249. Give p(-2).
431
Let o(t) = -56*t**2 - 2738*t - 274. Determine o(-49).
-568
Let f(b) = 3174*b**2 + 3046*b - 9. Calculate f(-1).
119
Let l(d) = 6*d**3 - 2098*d**2 + 3490*d - 3478. Calculate l(348).
2
Let s(a) = a**3 - 68*a**2 - 1746*a - 1171. Determine s(88).
61
Let x(s) = -473*s - 25472. Give x(-54).
70
Let v(y) = -762*y + 135648. Calculate v(177).
774
Let j(y) = -6727*y - 678676. Determine j(-101).
751
Let m(l) = -l**2 + 377*l + 24559. Give m(-55).
799
Let v(p) = -10*p**3 - 96*p**2 - 279*p + 1. Give v(-3).
244
Let v(n) = 238049*n + 2. Determine v(0).
2
Let l(u) = -11136062*u + 89088501. What is l(8)?
5
Let g(h) = 5*h**3 - 81*h**2 + 134*h - 1885. Calculate g(16).
3
Let n(t) = -t**3 - 522*t**2 - 3314*t + 6381. What is n(-8)?
-3
Let s(q) = 7230*q - 45551. What is s(6)?
-2171
Let s(n) = 642*n - 6348. Determine s(10).
72
Let j(k) = -266*k + 35699. Give j(134).
55
Let l(a) = 1343032*a - 1. Determine l(0).
-1
Let a(l) = -117*l - 6872. What is a(-25)?
-3947
Let o(u) = -24*u**2 - 3654*u + 25745. Give o(-159).
-13
Let v(n) = 240*n - 57621. Give v(240).
-21
Let t(s) = -3019*s - 132816. Give t(-44).
20
Let y(w) = -4958*w**2 + 4993*w + 4. What is y(1)?
39
Let u(s) = 50321*s + 301931. Give u(-6).
5
Let u(v) = -286*v**2 - 7195*v - 1107. What is u(-25)?
18
Let c(h) = 7*h**2 + 5451*h + 69658. What is c(-13)?
-22
Let u(a) = a**3 + 280*a**2 + 12890*a + 807. Give u(-58).
-5
Let q(x) = -x**3 - 4*x**2 + 10116*x + 80692. What is q(-8)?
20
Let w(n) = -n**3 - 23*n**2 + 1224*n + 26529. Determine w(-21).
-57
Let s(p) = p**3 + 162*p**2 + 1088*p + 41. Give s(-7).
20
Let m(l) = -1724339*l - 1724350. Give m(-1).
-11
Let q(v) = 12*v**2 + 45*v - 1867. Determine q(16).
1925
Let o(t) = -4494*t + 53967. Determine o(12).
39
Let x(d) = 177*d - 8837. Calculate x(39).
-1934
Let t(g) = -3*g**3 - 309*g**2 - 18*g + 1493. Calculate t(-103).
3347
Let c(i) = -i**2 - 319*i - 8203. Calculate c(-28).
-55
Let f(k) = 17*k + 209. What is f(-15)?
-46
Let f(d) = -380*d + 19895. Give f(48).
1655
Let b(t) = t**3 + 7*t**2 + 33*t + 487. What is b(-8)?
159
Let k(i) = 233*i + 30884. Determine k(-133).
-105
Let g(d) = 3*d**2 + 11*d - 1309. Give g(-23).
25
Let u(h) = h**3 - h**2 - 276*h + 71. What is u(17)?
3
Let l(z) = 523*z**3 - 51256*z**2 + 195*z + 102. Give l(98).
4
Let t(q) = -13*q**2 - 103*q - 220. What is t(-4)?
-16
Let y(c) = -196*c**2 - 7848*c + 15683. What is y(2)?
-797
Let n(o) = -283*o + 7069. Determine n(25).
-6
Let n(r) = -65*r**2 - 20277*r - 40545. Determine n(-2).
-251
Let m(p) = p**3 - 30*p**2 + 114*p - 827. Calculate m(25).
-1102
Let t(w) = 459*w + 16959. Give t(-26).
5025
Let y(p) = 93377*p + 2147647. Determine y(-23).
-24
Let y(z) = 138681*z + 4299105. Calculate y(-31).
-6
Let x(y) = 3*y**3 + 536*y**2 - 7809*y - 24763. Calculate x(-192).
5
Let s(c) = c**3 - 20*c**2 + 34*c - 70. What is s(18)?
-106
Let v(g) = -4*g**3 + 5*g**2 + 737. Give v(0).
737
Let j(h) = 5*h**3 + 275*h**2 - 75*h - 4117. Determine j(-55).
8
Let g(y) = 6289*y + 3043872. Calculate g(-484).
-4
Let r(k) = -2*k**2 - 1145*k - 41629. Calculate r(-39).
-16
Let u(j) = -j**2 - 2941*j - 96002. What is u(-33)?
-38
Let y(n) = 8759*n - 43815. Determine y(5).
-20
Let b(f) = -3*f**3 - 78*f**2 + 81*f - 30. What is b(-27)?
-30
Let l(m) = 3*m**2 + 230*m + 1512. Give l(-63).
-1071
Let q(s) = 120801*s - 1087269. Calculate q(9).
-60
Let x(z) = 3*z**3 - 7*z**2 - 52*z + 13. Calculate x(0).
13
Let r(a) = 55*a**2 - 407*a - 48. Give r(6).
-510
Let p(g) = -4*g**3 + 93*g**2 - 114*g + 79. Calculate p(22).
-9
Let k(y) = 2*y**3 + 190*y**2 - 30849*y - 2943075. Determine k(-96).
-3
Let d(y) = -3*y**2 - 145*y + 1368. Determine d(8).
16
Let n(t) = t**2 + 35899*t + 215386. What is n(-6)?
28
Let q(y) = y**3 + 17*y**2 - 270*y + 173. Give q(10).
173
Let r(m) = -13*m**2 + 143*m + 139. Determine r(18).
-1499
Let s(v) = 196*v - 24731. Determine s(126).
-35
Let w(y) = y**3 + 135*y**2 + 3028*y + 884. Calculate w(-28).
-12
Let n(f) = -2*f**3 + 537*f**2 - 7137*f + 178. De